{"id":2159,"date":"2024-08-21T15:28:43","date_gmt":"2024-08-21T15:28:43","guid":{"rendered":"https:\/\/rahabart.de\/de\/?page_id=2159"},"modified":"2024-08-23T11:35:17","modified_gmt":"2024-08-23T11:35:17","slug":"10-kunstraum-gruen","status":"publish","type":"page","link":"https:\/\/rahabart.de\/de\/10-kunstraum-gruen\/","title":{"rendered":"10. KUNSTRAUM GR\u00dcN"},"content":{"rendered":"\n<figure class=\"wp-block-image size-large\"><img fetchpriority=\"high\" width=\"1024\" height=\"724\" src=\"https:\/\/rahabart.de\/de\/wp-content\/uploads\/2024\/08\/WhatsApp-Image-2024-08-20-at-14.49.40-1024x724.jpeg\" alt=\"\" class=\"wp-image-2163\" srcset=\"https:\/\/rahabart.de\/de\/wp-content\/uploads\/2024\/08\/WhatsApp-Image-2024-08-20-at-14.49.40-1024x724.jpeg 1024w, https:\/\/rahabart.de\/de\/wp-content\/uploads\/2024\/08\/WhatsApp-Image-2024-08-20-at-14.49.40-300x212.jpeg 300w, https:\/\/rahabart.de\/de\/wp-content\/uploads\/2024\/08\/WhatsApp-Image-2024-08-20-at-14.49.40-768x543.jpeg 768w, https:\/\/rahabart.de\/de\/wp-content\/uploads\/2024\/08\/WhatsApp-Image-2024-08-20-at-14.49.40-1536x1086.jpeg 1536w, https:\/\/rahabart.de\/de\/wp-content\/uploads\/2024\/08\/WhatsApp-Image-2024-08-20-at-14.49.40.jpeg 1754w\" sizes=\"(max-width: 1024px) 100vw, 1024px\" \/><\/figure>\n\n\n\n<p><strong>10. KunstraumGR\u00dcN &#8211; Open-Air Kunstausstellung<\/strong><\/p>\n\n\n\n<p>Besuchen Sie uns im wundersch\u00f6nen <strong>Botanischen Garten Duissern<\/strong> zur 10. Ausgabe von KunstraumGR\u00dcN, einer Open-Air Kunstausstellung, die vielf\u00e4ltige k\u00fcnstlerische Ausdrucksformen inmitten der nat\u00fcrlichen Sch\u00f6nheit von Duisburg feiert.<\/p>\n\n\n\n<p><strong>Veranstaltungsdetails:<\/strong><\/p>\n\n\n\n<ul><li><strong>Er\u00f6ffnung:<\/strong> Donnerstag, 22. August 2024, um 18:00 Uhr<\/li><li><strong>Ort:<\/strong> Botanischer Garten Duissern, Schweizer Stra\u00dfe 24, 47058 Duisburg<\/li><li><strong>Ausstellungszeitraum:<\/strong> 22. \u2013 25. August 2024<\/li><li><strong>Eintritt:<\/strong> Frei<\/li><\/ul>\n\n\n\n<p>Unter der Schirmherrschaft von Bundestagspr\u00e4sidentin B\u00e4rbel Bas wird die Veranstaltung mit einem Gru\u00dfwort der Stadt Duisburg und der Kulturdezernentin Linda Wagner er\u00f6ffnet. Anschlie\u00dfend f\u00fchrt die K\u00fcnstlerin Claudia A. Grundei durch die Ausstellung.<\/p>\n\n\n\n<p><strong>Highlights der Veranstaltung:<\/strong><\/p>\n\n\n\n<ul><li><strong>Er\u00f6ffnungszeremonie:<\/strong> Donnerstag, 22. August 2024, um 18:00 Uhr<\/li><li>Eine gef\u00fchrte Tour durch die Ausstellung mit Claudia A. Grundei<\/li><li>Ab 19:15 Uhr ein besonderes Konzert von <strong>The Acoustic Pub Busters<\/strong> mit Evergreens aus den letzten Jahrzehnten.<\/li><li><strong>Holzskulpturen-Erstellung:<\/strong> Samstag, 24. August 2024<\/li><li>Erleben Sie die Entstehung einer Holzskulptur live durch den Bildhauer <strong>Roger L\u00f6cherbach<\/strong>. Die Besucher haben die M\u00f6glichkeit, den Schaffensprozess mitzuerleben und Fragen zu stellen.<\/li><li><strong>Literatur- und Musikfusion:<\/strong> Sonntag, 25. August 2024<\/li><li>Um 11:30 Uhr und 15:00 Uhr genie\u00dfen Sie eine einzigartige Kombination aus Gedichten und Musik mit <strong>Eva-Maria Zacharias<\/strong> (Gedichte) und <strong>Hans-Werner Fassbender<\/strong> (Musik). Thematisch geht es um den Wandel der Natur im Laufe der Jahreszeiten, begleitet von akustischen Eindr\u00fccken.<\/li><\/ul>\n\n\n\n<p><strong>Teilnehmende K\u00fcnstler:<\/strong><br>Die Ausstellung pr\u00e4sentiert eine Vielzahl talentierter K\u00fcnstler, darunter Marziyeh Abbas-Zadeh, Ute Augustin-Kaiser, Claudia A. Grundei und viele mehr. (Eine vollst\u00e4ndige Liste finden Sie auf dem Veranstaltungsflyer)<\/p>\n\n\n\n<p><strong>Seien Sie dabei<\/strong> und erleben Sie ein Wochenende voller Kunst, Musik und Natur. Das Caf\u00e9 Angeles bietet w\u00e4hrend der gesamten Veranstaltung Speisen und Getr\u00e4nke an. Dieses Event sollten Sie nicht verpassen!<\/p>\n\n\n\n<figure class=\"wp-block-embed\"><div class=\"wp-block-embed__wrapper\">\nhttps:\/\/www.kunstraumgruen.de\/kunstraumgr%C3%BCn-2024\/#:~:text=Der%20neue%20Katalog%20zur%20open,Botanischen%20Garten%20Duissern%20am%20Kaiserberg.&#038;text=Diese%20open%2Dair%20Kunstausstellung%20wird,findet%20auch%20bei%20Regenwetter%20statt\n<\/div><\/figure>\n\n\n\n<p><strong>Sonntag, 25.8.2024<\/strong>&nbsp;ca. 11.30 Uhr und 15 Uhr<br><strong>Wort &amp; Klang verbinden sich im gemeinsamen Vortrag<br>von Eva-Maria Zacharias (Gedichte) und<br>Hans-Werner Fassbender (Musik).<\/strong><br>Naturerscheinungen im Wandel der Jahreszeiten<br>spielen eine Hauptrolle in den ausgew\u00e4hlten Texten in<br>Zusammenspiel mit akustischen Eindr\u00fccken.<\/p>\n\n\n\n<p><\/p>\n\n\n\n<p><\/p>\n","protected":false},"excerpt":{"rendered":"<p>10. KunstraumGR\u00dcN &#8211; Open-Air Kunstausstellung Besuchen Sie uns im wundersch\u00f6nen Botanischen Garten Duissern zur 10. Ausgabe von KunstraumGR\u00dcN, einer Open-Air Kunstausstellung, die vielf\u00e4ltige k\u00fcnstlerische Ausdrucksformen inmitten der nat\u00fcrlichen Sch\u00f6nheit von Duisburg feiert. Veranstaltungsdetails: Er\u00f6ffnung: Donnerstag, 22. August 2024, um 18:00 Uhr Ort: Botanischer Garten Duissern, Schweizer Stra\u00dfe 24, 47058 Duisburg Ausstellungszeitraum: 22. \u2013 25. August&hellip;<\/p>\n","protected":false},"author":1,"featured_media":0,"parent":0,"menu_order":0,"comment_status":"closed","ping_status":"closed","template":"","meta":{"_mi_skip_tracking":false},"_links":{"self":[{"href":"https:\/\/rahabart.de\/de\/wp-json\/wp\/v2\/pages\/2159"}],"collection":[{"href":"https:\/\/rahabart.de\/de\/wp-json\/wp\/v2\/pages"}],"about":[{"href":"https:\/\/rahabart.de\/de\/wp-json\/wp\/v2\/types\/page"}],"author":[{"embeddable":true,"href":"https:\/\/rahabart.de\/de\/wp-json\/wp\/v2\/users\/1"}],"replies":[{"embeddable":true,"href":"https:\/\/rahabart.de\/de\/wp-json\/wp\/v2\/comments?post=2159"}],"version-history":[{"count":5,"href":"https:\/\/rahabart.de\/de\/wp-json\/wp\/v2\/pages\/2159\/revisions"}],"predecessor-version":[{"id":2169,"href":"https:\/\/rahabart.de\/de\/wp-json\/wp\/v2\/pages\/2159\/revisions\/2169"}],"wp:attachment":[{"href":"https:\/\/rahabart.de\/de\/wp-json\/wp\/v2\/media?parent=2159"}],"curies":[{"name":"wp","href":"https:\/\/api.w.org\/{rel}","templated":true}]}}

10. KUNSTRAUM GRÜN

<figure class="wp-block-image size-large"><img fetchpriority="high" width="1024" height="724" src="https://rahabart.de/de/wp-content/uploads/2024/08/WhatsApp-Image-2024-08-20-at-14.49.40-1024x724.jpeg" alt="" class="wp-image-2163" srcset="https://rahabart.de/de/wp-content/uploads/2024/08/WhatsApp-Image-2024-08-20-at-14.49.40-1024x724.jpeg 1024w, https://rahabart.de/de/wp-content/uploads/2024/08/WhatsApp-Image-2024-08-20-at-14.49.40-300x212.jpeg 300w, https://rahabart.de/de/wp-content/uploads/2024/08/WhatsApp-Image-2024-08-20-at-14.49.40-768x543.jpeg 768w, https://rahabart.de/de/wp-content/uploads/2024/08/WhatsApp-Image-2024-08-20-at-14.49.40-1536x1086.jpeg 1536w, https://rahabart.de/de/wp-content/uploads/2024/08/WhatsApp-Image-2024-08-20-at-14.49.40.jpeg 1754w" sizes="(max-width: 1024px) 100vw, 1024px" /></figure>



<p><strong>10. KunstraumGRÜN &#8211; Open-Air Kunstausstellung</strong></p>



<p>Besuchen Sie uns im wunderschönen <strong>Botanischen Garten Duissern</strong> zur 10. Ausgabe von KunstraumGRÜN, einer Open-Air Kunstausstellung, die vielfältige künstlerische Ausdrucksformen inmitten der natürlichen Schönheit von Duisburg feiert.</p>



<p><strong>Veranstaltungsdetails:</strong></p>



<ul><li><strong>Eröffnung:</strong> Donnerstag, 22. August 2024, um 18:00 Uhr</li><li><strong>Ort:</strong> Botanischer Garten Duissern, Schweizer Straße 24, 47058 Duisburg</li><li><strong>Ausstellungszeitraum:</strong> 22. – 25. August 2024</li><li><strong>Eintritt:</strong> Frei</li></ul>



<p>Unter der Schirmherrschaft von Bundestagspräsidentin Bärbel Bas wird die Veranstaltung mit einem Grußwort der Stadt Duisburg und der Kulturdezernentin Linda Wagner eröffnet. Anschließend führt die Künstlerin Claudia A. Grundei durch die Ausstellung.</p>



<p><strong>Highlights der Veranstaltung:</strong></p>



<ul><li><strong>Eröffnungszeremonie:</strong> Donnerstag, 22. August 2024, um 18:00 Uhr</li><li>Eine geführte Tour durch die Ausstellung mit Claudia A. Grundei</li><li>Ab 19:15 Uhr ein besonderes Konzert von <strong>The Acoustic Pub Busters</strong> mit Evergreens aus den letzten Jahrzehnten.</li><li><strong>Holzskulpturen-Erstellung:</strong> Samstag, 24. August 2024</li><li>Erleben Sie die Entstehung einer Holzskulptur live durch den Bildhauer <strong>Roger Löcherbach</strong>. Die Besucher haben die Möglichkeit, den Schaffensprozess mitzuerleben und Fragen zu stellen.</li><li><strong>Literatur- und Musikfusion:</strong> Sonntag, 25. August 2024</li><li>Um 11:30 Uhr und 15:00 Uhr genießen Sie eine einzigartige Kombination aus Gedichten und Musik mit <strong>Eva-Maria Zacharias</strong> (Gedichte) und <strong>Hans-Werner Fassbender</strong> (Musik). Thematisch geht es um den Wandel der Natur im Laufe der Jahreszeiten, begleitet von akustischen Eindrücken.</li></ul>



<p><strong>Teilnehmende Künstler:</strong><br>Die Ausstellung präsentiert eine Vielzahl talentierter Künstler, darunter Marziyeh Abbas-Zadeh, Ute Augustin-Kaiser, Claudia A. Grundei und viele mehr. (Eine vollständige Liste finden Sie auf dem Veranstaltungsflyer)</p>



<p><strong>Seien Sie dabei</strong> und erleben Sie ein Wochenende voller Kunst, Musik und Natur. Das Café Angeles bietet während der gesamten Veranstaltung Speisen und Getränke an. Dieses Event sollten Sie nicht verpassen!</p>



<figure class="wp-block-embed"><div class="wp-block-embed__wrapper">
https://www.kunstraumgruen.de/kunstraumgr%C3%BCn-2024/#:~:text=Der%20neue%20Katalog%20zur%20open,Botanischen%20Garten%20Duissern%20am%20Kaiserberg.&#038;text=Diese%20open%2Dair%20Kunstausstellung%20wird,findet%20auch%20bei%20Regenwetter%20statt
</div></figure>



<p><strong>Sonntag, 25.8.2024</strong>&nbsp;ca. 11.30 Uhr und 15 Uhr<br><strong>Wort &amp; Klang verbinden sich im gemeinsamen Vortrag<br>von Eva-Maria Zacharias (Gedichte) und<br>Hans-Werner Fassbender (Musik).</strong><br>Naturerscheinungen im Wandel der Jahreszeiten<br>spielen eine Hauptrolle in den ausgewählten Texten in<br>Zusammenspiel mit akustischen Eindrücken.</p>



<p></p>



<p></p>

<p>10. KunstraumGRÜN &#8211; Open-Air Kunstausstellung Besuchen Sie uns im wunderschönen Botanischen Garten Duissern zur 10. Ausgabe von KunstraumGRÜN, einer Open-Air Kunstausstellung, die vielfältige künstlerische Ausdrucksformen inmitten der natürlichen Schönheit von Duisburg feiert. Veranstaltungsdetails: Eröffnung: Donnerstag, 22. August 2024, um 18:00 Uhr Ort: Botanischer Garten Duissern, Schweizer Straße 24, 47058 Duisburg Ausstellungszeitraum: 22. – 25. August&hellip;</p>
